{"id":434,"date":"2020-04-07T15:18:38","date_gmt":"2020-04-07T13:18:38","guid":{"rendered":"http:\/\/choeuracorps.ch\/?page_id=434"},"modified":"2026-03-23T10:36:11","modified_gmt":"2026-03-23T09:36:11","slug":"direction","status":"publish","type":"page","link":"https:\/\/choeuracorps.ch\/index.php\/direction\/","title":{"rendered":"Direction"},"content":{"rendered":"\n<h2 class=\"wp-block-heading has-vivid-red-color has-text-color\" style=\"font-size:26px\">Direction<\/h2>\n\n\n<p><span style=\"color: #ff0000;\">Elsa Bianchi<\/span> a pris la direction musicale de Ch\u0153ur \u00e0 Corps depuis janvier 2026.<\/p>\n<p>N\u00e9e en 1998, Elsa Bianchi grandit dans le village de Corseaux. Passionn\u00e9e de musique depuis son plus jeune \u00e2ge, elle chante dans le ch\u0153ur des \u00e9coles de Corsier durant tout sa scolarit\u00e9, et d\u00e9bute sa pratique instrumentale par le saxophone.<\/p>\n<p>En 2012, elle choisit l\u2019option sp\u00e9cifique musique au Gymnase de Burier et d\u00e9cide de se lancer dans une carri\u00e8re professionnelle musicale \u00e0 l\u2019issue de son gymnase. Elle int\u00e8gre en 2015 la Haute Ecole de Musique de Lausanne en fili\u00e8re Musique \u00e0 l\u2019Ecole, o\u00f9 elle obtiendra respectivement son Bachelor et son Master en 2018 et en 2020.<\/p>\n<p>C\u2019est gr\u00e2ce \u00e0 cette formation que na\u00eet son int\u00e9r\u00eat pour la direction de ch\u0153ur : en 2016, elle commence \u00e0 travailler en tant que sous-directrice avec le Ch\u0153ur Mixte de Corseaux, et effectue divers remplacements dans les ch\u0153urs de la r\u00e9gion vaudoise et fribourgeoise. Elle pr\u00e9pare \u00e9galement un groupe de choristes pour la F\u00eate des Vignerons 2019. Lors des 20 repr\u00e9sentations, elle participe au spectacle en tant que choriste, soliste et aide \u00e0 la direction.<\/p>\n<p>D\u00e8s l\u2019automne 2020 et parall\u00e8lement \u00e0 ses \u00e9tudes \u00e0 la Haute Ecole P\u00e9dagogique de Lausanne, elle reprend la direction du Ch\u0153ur Mixte de Corseaux, qu\u2019elle dirigera jusqu\u2019en 2026, ainsi que celle de l\u2019ensemble vocal fribourgeois EnChoeur entre 2020 et 2025.<\/p>\n<p>Depuis 2023, elle enseigne la musique au Gymnase de Burier, apr\u00e8s diverses exp\u00e9riences d\u2019enseignements dans des \u00e9coles et gymnases vaudois. En plus de ses activit\u00e9s de directrice et d\u2019enseignante, Elsa chante au sein du groupe vocal Cake O\u2019Phonie, avec lequel elle remporte le concours t\u00e9l\u00e9vis\u00e9 Chorus en 2018 et participe \u00e0 l\u2019Eurovision des Ch\u0153urs en 2019, ainsi qu\u2019\u00e0 plusieurs concours internationaux \u00e0 l\u2019\u00e9tranger.<\/p>\n<p>Elle se r\u00e9jouit d\u2019int\u00e9grer Ch\u0153ur \u00e0 Corps et de partager sa passion avec les choristes pour cette nouvelle aventure !<\/p>","protected":false},"excerpt":{"rendered":"<p>Direction Elsa Bianchi a pris la direction musicale de Ch\u0153ur \u00e0 Corps depuis janvier 2026. N\u00e9e en 1998, Elsa Bianchi grandit dans le village de Corseaux. Passionn\u00e9e de musique depuis son plus jeune \u00e2ge, elle chante dans le ch\u0153ur des<\/p>\n","protected":false},"author":1,"featured_media":0,"parent":0,"menu_order":0,"comment_status":"closed","ping_status":"closed","template":"","meta":{"footnotes":""},"yoast_head":"<!-- This site is optimized with the Yoast SEO plugin v22.5 - https:\/\/yoast.com\/wordpress\/plugins\/seo\/ -->\n<title>Choeur \u00e0 corps - Direction - Elsa Bianchi<\/title>\n<meta name=\"description\" content=\"Elsa Bianchi est la nouvelle cheffe de Ch\u0153ur \u00e0 Corps depuis janvier 2026. Ch\u0153ur \u00e0 corps a \u00e9t\u00e9 successivement dirig\u00e9 par Patrick Bron, Patrick Marmy, Timoth\u00e9e Haller et Claire Benhamou.\" \/>\n<meta name=\"robots\" content=\"index, follow, max-snippet:-1, max-image-preview:large, max-video-preview:-1\" \/>\n<link rel=\"canonical\" href=\"https:\/\/choeuracorps.ch\/index.php\/direction\/\" \/>\n<meta property=\"og:locale\" content=\"fr_FR\" \/>\n<meta property=\"og:type\" content=\"article\" \/>\n<meta property=\"og:title\" content=\"Choeur \u00e0 corps - Direction - Elsa Bianchi\" \/>\n<meta property=\"og:description\" content=\"Elsa Bianchi est la nouvelle cheffe de Ch\u0153ur \u00e0 Corps depuis janvier 2026. Ch\u0153ur \u00e0 corps a \u00e9t\u00e9 successivement dirig\u00e9 par Patrick Bron, Patrick Marmy, Timoth\u00e9e Haller et Claire Benhamou.\" \/>\n<meta property=\"og:url\" content=\"https:\/\/choeuracorps.ch\/index.php\/direction\/\" \/>\n<meta property=\"og:site_name\" content=\"Choeur \u00e0 corps\" \/>\n<meta property=\"article:publisher\" content=\"https:\/\/www.facebook.com\/choeuracorps\/\" \/>\n<meta property=\"article:modified_time\" content=\"2026-03-23T09:36:11+00:00\" \/>\n<meta name=\"twitter:card\" content=\"summary_large_image\" \/>\n<meta name=\"twitter:label1\" content=\"Dur\u00e9e de lecture estim\u00e9e\" \/>\n\t<meta name=\"twitter:data1\" content=\"2 minutes\" \/>\n<script type=\"application\/ld+json\" class=\"yoast-schema-graph\">{\"@context\":\"https:\/\/schema.org\",\"@graph\":[{\"@type\":\"WebPage\",\"@id\":\"https:\/\/choeuracorps.ch\/index.php\/direction\/\",\"url\":\"https:\/\/choeuracorps.ch\/index.php\/direction\/\",\"name\":\"Choeur \u00e0 corps - Direction - Elsa Bianchi\",\"isPartOf\":{\"@id\":\"https:\/\/choeuracorps.ch\/#website\"},\"datePublished\":\"2020-04-07T13:18:38+00:00\",\"dateModified\":\"2026-03-23T09:36:11+00:00\",\"description\":\"Elsa Bianchi est la nouvelle cheffe de Ch\u0153ur \u00e0 Corps depuis janvier 2026. Ch\u0153ur \u00e0 corps a \u00e9t\u00e9 successivement dirig\u00e9 par Patrick Bron, Patrick Marmy, Timoth\u00e9e Haller et Claire Benhamou.\",\"breadcrumb\":{\"@id\":\"https:\/\/choeuracorps.ch\/index.php\/direction\/#breadcrumb\"},\"inLanguage\":\"fr-FR\",\"potentialAction\":[{\"@type\":\"ReadAction\",\"target\":[\"https:\/\/choeuracorps.ch\/index.php\/direction\/\"]}]},{\"@type\":\"BreadcrumbList\",\"@id\":\"https:\/\/choeuracorps.ch\/index.php\/direction\/#breadcrumb\",\"itemListElement\":[{\"@type\":\"ListItem\",\"position\":1,\"name\":\"Accueil\",\"item\":\"https:\/\/choeuracorps.ch\/\"},{\"@type\":\"ListItem\",\"position\":2,\"name\":\"Direction\"}]},{\"@type\":\"WebSite\",\"@id\":\"https:\/\/choeuracorps.ch\/#website\",\"url\":\"https:\/\/choeuracorps.ch\/\",\"name\":\"Ch\u0153ur \u00e0 corps\",\"description\":\"\",\"potentialAction\":[{\"@type\":\"SearchAction\",\"target\":{\"@type\":\"EntryPoint\",\"urlTemplate\":\"https:\/\/choeuracorps.ch\/?s={search_term_string}\"},\"query-input\":\"required name=search_term_string\"}],\"inLanguage\":\"fr-FR\"}]}<\/script>\n<!-- \/ Yoast SEO plugin. -->","yoast_head_json":{"title":"Choeur \u00e0 corps - Direction - Elsa Bianchi","description":"Elsa Bianchi est la nouvelle cheffe de Ch\u0153ur \u00e0 Corps depuis janvier 2026. Ch\u0153ur \u00e0 corps a \u00e9t\u00e9 successivement dirig\u00e9 par Patrick Bron, Patrick Marmy, Timoth\u00e9e Haller et Claire Benhamou.","robots":{"index":"index","follow":"follow","max-snippet":"max-snippet:-1","max-image-preview":"max-image-preview:large","max-video-preview":"max-video-preview:-1"},"canonical":"https:\/\/choeuracorps.ch\/index.php\/direction\/","og_locale":"fr_FR","og_type":"article","og_title":"Choeur \u00e0 corps - Direction - Elsa Bianchi","og_description":"Elsa Bianchi est la nouvelle cheffe de Ch\u0153ur \u00e0 Corps depuis janvier 2026. Ch\u0153ur \u00e0 corps a \u00e9t\u00e9 successivement dirig\u00e9 par Patrick Bron, Patrick Marmy, Timoth\u00e9e Haller et Claire Benhamou.","og_url":"https:\/\/choeuracorps.ch\/index.php\/direction\/","og_site_name":"Choeur \u00e0 corps","article_publisher":"https:\/\/www.facebook.com\/choeuracorps\/","article_modified_time":"2026-03-23T09:36:11+00:00","twitter_card":"summary_large_image","twitter_misc":{"Dur\u00e9e de lecture estim\u00e9e":"2 minutes"},"schema":{"@context":"https:\/\/schema.org","@graph":[{"@type":"WebPage","@id":"https:\/\/choeuracorps.ch\/index.php\/direction\/","url":"https:\/\/choeuracorps.ch\/index.php\/direction\/","name":"Choeur \u00e0 corps - Direction - Elsa Bianchi","isPartOf":{"@id":"https:\/\/choeuracorps.ch\/#website"},"datePublished":"2020-04-07T13:18:38+00:00","dateModified":"2026-03-23T09:36:11+00:00","description":"Elsa Bianchi est la nouvelle cheffe de Ch\u0153ur \u00e0 Corps depuis janvier 2026. Ch\u0153ur \u00e0 corps a \u00e9t\u00e9 successivement dirig\u00e9 par Patrick Bron, Patrick Marmy, Timoth\u00e9e Haller et Claire Benhamou.","breadcrumb":{"@id":"https:\/\/choeuracorps.ch\/index.php\/direction\/#breadcrumb"},"inLanguage":"fr-FR","potentialAction":[{"@type":"ReadAction","target":["https:\/\/choeuracorps.ch\/index.php\/direction\/"]}]},{"@type":"BreadcrumbList","@id":"https:\/\/choeuracorps.ch\/index.php\/direction\/#breadcrumb","itemListElement":[{"@type":"ListItem","position":1,"name":"Accueil","item":"https:\/\/choeuracorps.ch\/"},{"@type":"ListItem","position":2,"name":"Direction"}]},{"@type":"WebSite","@id":"https:\/\/choeuracorps.ch\/#website","url":"https:\/\/choeuracorps.ch\/","name":"Ch\u0153ur \u00e0 corps","description":"","potentialAction":[{"@type":"SearchAction","target":{"@type":"EntryPoint","urlTemplate":"https:\/\/choeuracorps.ch\/?s={search_term_string}"},"query-input":"required name=search_term_string"}],"inLanguage":"fr-FR"}]}},"_links":{"self":[{"href":"https:\/\/choeuracorps.ch\/index.php\/wp-json\/wp\/v2\/pages\/434"}],"collection":[{"href":"https:\/\/choeuracorps.ch\/index.php\/wp-json\/wp\/v2\/pages"}],"about":[{"href":"https:\/\/choeuracorps.ch\/index.php\/wp-json\/wp\/v2\/types\/page"}],"author":[{"embeddable":true,"href":"https:\/\/choeuracorps.ch\/index.php\/wp-json\/wp\/v2\/users\/1"}],"replies":[{"embeddable":true,"href":"https:\/\/choeuracorps.ch\/index.php\/wp-json\/wp\/v2\/comments?post=434"}],"version-history":[{"count":16,"href":"https:\/\/choeuracorps.ch\/index.php\/wp-json\/wp\/v2\/pages\/434\/revisions"}],"predecessor-version":[{"id":1296,"href":"https:\/\/choeuracorps.ch\/index.php\/wp-json\/wp\/v2\/pages\/434\/revisions\/1296"}],"wp:attachment":[{"href":"https:\/\/choeuracorps.ch\/index.php\/wp-json\/wp\/v2\/media?parent=434"}],"curies":[{"name":"wp","href":"https:\/\/api.w.org\/{rel}","templated":true}]}}

<h2 class="wp-block-heading has-vivid-red-color has-text-color" style="font-size:26px">Direction</h2>


<p><span style="color: #ff0000;">Elsa Bianchi</span> a pris la direction musicale de Chœur à Corps depuis janvier 2026.</p>
<p>Née en 1998, Elsa Bianchi grandit dans le village de Corseaux. Passionnée de musique depuis son plus jeune âge, elle chante dans le chœur des écoles de Corsier durant tout sa scolarité, et débute sa pratique instrumentale par le saxophone.</p>
<p>En 2012, elle choisit l’option spécifique musique au Gymnase de Burier et décide de se lancer dans une carrière professionnelle musicale à l’issue de son gymnase. Elle intègre en 2015 la Haute Ecole de Musique de Lausanne en filière Musique à l’Ecole, où elle obtiendra respectivement son Bachelor et son Master en 2018 et en 2020.</p>
<p>C’est grâce à cette formation que naît son intérêt pour la direction de chœur : en 2016, elle commence à travailler en tant que sous-directrice avec le Chœur Mixte de Corseaux, et effectue divers remplacements dans les chœurs de la région vaudoise et fribourgeoise. Elle prépare également un groupe de choristes pour la Fête des Vignerons 2019. Lors des 20 représentations, elle participe au spectacle en tant que choriste, soliste et aide à la direction.</p>
<p>Dès l’automne 2020 et parallèlement à ses études à la Haute Ecole Pédagogique de Lausanne, elle reprend la direction du Chœur Mixte de Corseaux, qu’elle dirigera jusqu’en 2026, ainsi que celle de l’ensemble vocal fribourgeois EnChoeur entre 2020 et 2025.</p>
<p>Depuis 2023, elle enseigne la musique au Gymnase de Burier, après diverses expériences d’enseignements dans des écoles et gymnases vaudois. En plus de ses activités de directrice et d’enseignante, Elsa chante au sein du groupe vocal Cake O’Phonie, avec lequel elle remporte le concours télévisé Chorus en 2018 et participe à l’Eurovision des Chœurs en 2019, ainsi qu’à plusieurs concours internationaux à l’étranger.</p>
<p>Elle se réjouit d’intégrer Chœur à Corps et de partager sa passion avec les choristes pour cette nouvelle aventure !</p>

<p>Direction Elsa Bianchi a pris la direction musicale de Chœur à Corps depuis janvier 2026. Née en 1998, Elsa Bianchi grandit dans le village de Corseaux. Passionnée de musique depuis son plus jeune âge, elle chante dans le chœur des</p>

<!-- This site is optimized with the Yoast SEO plugin v22.5 - https://yoast.com/wordpress/plugins/seo/ -->
<title>Choeur à corps - Direction - Elsa Bianchi</title>
<meta name="description" content="Elsa Bianchi est la nouvelle cheffe de Chœur à Corps depuis janvier 2026. Chœur à corps a été successivement dirigé par Patrick Bron, Patrick Marmy, Timothée Haller et Claire Benhamou." />
<meta name="robots" content="index, follow, max-snippet:-1, max-image-preview:large, max-video-preview:-1" />
<link rel="canonical" href="https://choeuracorps.ch/index.php/direction/" />
<meta property="og:locale" content="fr_FR" />
<meta property="og:type" content="article" />
<meta property="og:title" content="Choeur à corps - Direction - Elsa Bianchi" />
<meta property="og:description" content="Elsa Bianchi est la nouvelle cheffe de Chœur à Corps depuis janvier 2026. Chœur à corps a été successivement dirigé par Patrick Bron, Patrick Marmy, Timothée Haller et Claire Benhamou." />
<meta property="og:url" content="https://choeuracorps.ch/index.php/direction/" />
<meta property="og:site_name" content="Choeur à corps" />
<meta property="article:publisher" content="https://www.facebook.com/choeuracorps/" />
<meta property="article:modified_time" content="2026-03-23T09:36:11+00:00" />
<meta name="twitter:card" content="summary_large_image" />
<meta name="twitter:label1" content="Durée de lecture estimée" />
	<meta name="twitter:data1" content="2 minutes" />
<script type="application/ld+json" class="yoast-schema-graph">{"@context":"https://schema.org","@graph":[{"@type":"WebPage","@id":"https://choeuracorps.ch/index.php/direction/","url":"https://choeuracorps.ch/index.php/direction/","name":"Choeur à corps - Direction - Elsa Bianchi","isPartOf":{"@id":"https://choeuracorps.ch/#website"},"datePublished":"2020-04-07T13:18:38+00:00","dateModified":"2026-03-23T09:36:11+00:00","description":"Elsa Bianchi est la nouvelle cheffe de Chœur à Corps depuis janvier 2026. Chœur à corps a été successivement dirigé par Patrick Bron, Patrick Marmy, Timothée Haller et Claire Benhamou.","breadcrumb":{"@id":"https://choeuracorps.ch/index.php/direction/#breadcrumb"},"inLanguage":"fr-FR","potentialAction":[{"@type":"ReadAction","target":["https://choeuracorps.ch/index.php/direction/"]}]},{"@type":"BreadcrumbList","@id":"https://choeuracorps.ch/index.php/direction/#breadcrumb","itemListElement":[{"@type":"ListItem","position":1,"name":"Accueil","item":"https://choeuracorps.ch/"},{"@type":"ListItem","position":2,"name":"Direction"}]},{"@type":"WebSite","@id":"https://choeuracorps.ch/#website","url":"https://choeuracorps.ch/","name":"Chœur à corps","description":"","potentialAction":[{"@type":"SearchAction","target":{"@type":"EntryPoint","urlTemplate":"https://choeuracorps.ch/?s={search_term_string}"},"query-input":"required name=search_term_string"}],"inLanguage":"fr-FR"}]}</script>
<!-- / Yoast SEO plugin. -->

Choeur à corps - Direction - Elsa Bianchi

Elsa Bianchi est la nouvelle cheffe de Chœur à Corps depuis janvier 2026. Chœur à corps a été successivement dirigé par Patrick Bron, Patrick Marmy, Timothée Haller et Claire Benhamou.

Choeur à corps

Chœur à corps
