{"id":1270,"date":"2025-12-28T16:43:15","date_gmt":"2025-12-28T15:43:15","guid":{"rendered":"https:\/\/choeuracorps.ch\/?page_id=1270"},"modified":"2026-03-23T10:38:04","modified_gmt":"2026-03-23T09:38:04","slug":"actualites","status":"publish","type":"page","link":"https:\/\/choeuracorps.ch\/index.php\/actualites\/","title":{"rendered":"Actualit\u00e9s"},"content":{"rendered":"\n<h2 class=\"wp-block-heading alignwide\" id=\"we-re-a-studio-in-berlin-with-an-international-practice-in-architecture-urban-planning-and-interior-design-we-believe-in-sharing-knowledge-and-promoting-dialogue-to-increase-the-creative-potential-of-collaboration\" style=\"font-size:28px;font-style:normal;font-weight:700;line-height:1.1\">Une nouvelle \u00e9tape pour Choeur \u00e0 corps <\/h2>\n\n\n\n<p>Bienvenue \u00e0 notre nouvelle cheffe de ch\u0153ur : <a href=\"https:\/\/choeuracorps.ch\/index.php\/direction\/\">Elsa Bianchi<\/a><br><br>2026 s&rsquo;annonce comme une ann\u00e9e de renouveau pour Ch\u0153ur \u00e0 corps.<br><br>Nous avons le grand plaisir de vous annoncer l\u2019arriv\u00e9e d\u2019<a href=\"https:\/\/choeuracorps.ch\/index.php\/direction\/\">Elsa Bianchi<\/a>, qui a pris la direction musicale de Ch\u0153ur \u00e0 corps depuis janvier 2026.<\/p>\n\n\n\n<p>Avec sa sensibilit\u00e9 artistique, son engagement et son \u00e9nergie communicative, Elsa rejoint le ch\u0153ur pour \u00e9crire, avec nous, un nouveau chapitre de cette aventure collective. Une p\u00e9riode de r\u00e9flexion, de cr\u00e9ation et de construction s\u2019ouvre, dans la continuit\u00e9 de l\u2019esprit de Ch\u0153ur \u00e0 corps, avec l\u2019envie de faire \u00e9voluer le projet tout en restant fid\u00e8le \u00e0 ses valeurs.<\/p>\n\n\n\n<p>De nouvelles informations suivront prochainement.<br>Les mois \u00e0 venir seront consacr\u00e9s \u00e0 la mise en place de cette nouvelle dynamique et \u00e0 la pr\u00e9paration de beaux projets \u00e0 partager.<\/p>\n\n\n\n<p><strong>Prochain spectacle : vendredi 30 octobre, samedi 31 octobre et dimanche 1er novembre 2026<\/strong> au Th\u00e9\u00e2tre Oxymore de Cully.<br>Un moment important \u00e0 venir, que nous nous r\u00e9jouissons d\u00e9j\u00e0 de vous faire d\u00e9couvrir.<\/p>\n\n\n\n<p>Int\u00e9ress\u00e9(e) par le projet, curieux(se) d\u2019en savoir plus ou envie de rejoindre l\u2019aventure ?<br>Ecrivez-nous \u00e0 : <a href=\"mailto:info@choeuracorps.ch\">info@choeuracorps.ch<\/a><\/p>\n\n\n\n<p>2026 se pr\u00e9pare doucement, et avec beaucoup d\u2019enthousiasme.<br><br>Merci de votre fid\u00e9lit\u00e9 et de votre soutien.<\/p>\n","protected":false},"excerpt":{"rendered":"<p>Une nouvelle \u00e9tape pour Choeur \u00e0 corps Bienvenue \u00e0 notre nouvelle cheffe de ch\u0153ur : Elsa Bianchi 2026 s&rsquo;annonce comme une ann\u00e9e de renouveau pour Ch\u0153ur \u00e0 corps. Nous avons le grand plaisir de vous annoncer l\u2019arriv\u00e9e d\u2019Elsa Bianchi, qui<\/p>\n","protected":false},"author":1,"featured_media":0,"parent":0,"menu_order":0,"comment_status":"closed","ping_status":"closed","template":"","meta":{"footnotes":""},"yoast_head":"<!-- This site is optimized with the Yoast SEO plugin v22.5 - https:\/\/yoast.com\/wordpress\/plugins\/seo\/ -->\n<title>Une nouvelle \u00e9tape pour Ch\u0153ur \u00e0 corps en 2026<\/title>\n<meta name=\"description\" content=\"2026 s&#039;annonce comme une ann\u00e9e de renouveau pour Ch\u0153ur \u00e0 corps qui accueille une nouvelle cheffe de ch\u0153ur d\u00e8s janvier en la personne d&#039;Elsa Bianchi. Elsa rejoint le ch\u0153ur pour \u00e9crire, avec nous, un nouveau chapitre de cette aventure collective. Les repr\u00e9sentations de notre futur spectacle auront lieu en automne 2026.\" \/>\n<meta name=\"robots\" content=\"index, follow, max-snippet:-1, max-image-preview:large, max-video-preview:-1\" \/>\n<link rel=\"canonical\" href=\"https:\/\/choeuracorps.ch\/index.php\/actualites\/\" \/>\n<meta property=\"og:locale\" content=\"fr_FR\" \/>\n<meta property=\"og:type\" content=\"article\" \/>\n<meta property=\"og:title\" content=\"Une nouvelle \u00e9tape pour Ch\u0153ur \u00e0 corps en 2026\" \/>\n<meta property=\"og:description\" content=\"2026 s&#039;annonce comme une ann\u00e9e de renouveau pour Ch\u0153ur \u00e0 corps qui accueille une nouvelle cheffe de ch\u0153ur d\u00e8s janvier en la personne d&#039;Elsa Bianchi. Elsa rejoint le ch\u0153ur pour \u00e9crire, avec nous, un nouveau chapitre de cette aventure collective. Les repr\u00e9sentations de notre futur spectacle auront lieu en automne 2026.\" \/>\n<meta property=\"og:url\" content=\"https:\/\/choeuracorps.ch\/index.php\/actualites\/\" \/>\n<meta property=\"og:site_name\" content=\"Choeur \u00e0 corps\" \/>\n<meta property=\"article:publisher\" content=\"https:\/\/www.facebook.com\/choeuracorps\/\" \/>\n<meta property=\"article:modified_time\" content=\"2026-03-23T09:38:04+00:00\" \/>\n<meta name=\"twitter:card\" content=\"summary_large_image\" \/>\n<meta name=\"twitter:label1\" content=\"Dur\u00e9e de lecture estim\u00e9e\" \/>\n\t<meta name=\"twitter:data1\" content=\"1 minute\" \/>\n<script type=\"application\/ld+json\" class=\"yoast-schema-graph\">{\"@context\":\"https:\/\/schema.org\",\"@graph\":[{\"@type\":\"WebPage\",\"@id\":\"https:\/\/choeuracorps.ch\/index.php\/actualites\/\",\"url\":\"https:\/\/choeuracorps.ch\/index.php\/actualites\/\",\"name\":\"Une nouvelle \u00e9tape pour Ch\u0153ur \u00e0 corps en 2026\",\"isPartOf\":{\"@id\":\"https:\/\/choeuracorps.ch\/#website\"},\"datePublished\":\"2025-12-28T15:43:15+00:00\",\"dateModified\":\"2026-03-23T09:38:04+00:00\",\"description\":\"2026 s'annonce comme une ann\u00e9e de renouveau pour Ch\u0153ur \u00e0 corps qui accueille une nouvelle cheffe de ch\u0153ur d\u00e8s janvier en la personne d'Elsa Bianchi. Elsa rejoint le ch\u0153ur pour \u00e9crire, avec nous, un nouveau chapitre de cette aventure collective. Les repr\u00e9sentations de notre futur spectacle auront lieu en automne 2026.\",\"breadcrumb\":{\"@id\":\"https:\/\/choeuracorps.ch\/index.php\/actualites\/#breadcrumb\"},\"inLanguage\":\"fr-FR\",\"potentialAction\":[{\"@type\":\"ReadAction\",\"target\":[\"https:\/\/choeuracorps.ch\/index.php\/actualites\/\"]}]},{\"@type\":\"BreadcrumbList\",\"@id\":\"https:\/\/choeuracorps.ch\/index.php\/actualites\/#breadcrumb\",\"itemListElement\":[{\"@type\":\"ListItem\",\"position\":1,\"name\":\"Accueil\",\"item\":\"https:\/\/choeuracorps.ch\/\"},{\"@type\":\"ListItem\",\"position\":2,\"name\":\"Actualit\u00e9s\"}]},{\"@type\":\"WebSite\",\"@id\":\"https:\/\/choeuracorps.ch\/#website\",\"url\":\"https:\/\/choeuracorps.ch\/\",\"name\":\"Ch\u0153ur \u00e0 corps\",\"description\":\"\",\"potentialAction\":[{\"@type\":\"SearchAction\",\"target\":{\"@type\":\"EntryPoint\",\"urlTemplate\":\"https:\/\/choeuracorps.ch\/?s={search_term_string}\"},\"query-input\":\"required name=search_term_string\"}],\"inLanguage\":\"fr-FR\"}]}<\/script>\n<!-- \/ Yoast SEO plugin. -->","yoast_head_json":{"title":"Une nouvelle \u00e9tape pour Ch\u0153ur \u00e0 corps en 2026","description":"2026 s'annonce comme une ann\u00e9e de renouveau pour Ch\u0153ur \u00e0 corps qui accueille une nouvelle cheffe de ch\u0153ur d\u00e8s janvier en la personne d'Elsa Bianchi. Elsa rejoint le ch\u0153ur pour \u00e9crire, avec nous, un nouveau chapitre de cette aventure collective. Les repr\u00e9sentations de notre futur spectacle auront lieu en automne 2026.","robots":{"index":"index","follow":"follow","max-snippet":"max-snippet:-1","max-image-preview":"max-image-preview:large","max-video-preview":"max-video-preview:-1"},"canonical":"https:\/\/choeuracorps.ch\/index.php\/actualites\/","og_locale":"fr_FR","og_type":"article","og_title":"Une nouvelle \u00e9tape pour Ch\u0153ur \u00e0 corps en 2026","og_description":"2026 s'annonce comme une ann\u00e9e de renouveau pour Ch\u0153ur \u00e0 corps qui accueille une nouvelle cheffe de ch\u0153ur d\u00e8s janvier en la personne d'Elsa Bianchi. Elsa rejoint le ch\u0153ur pour \u00e9crire, avec nous, un nouveau chapitre de cette aventure collective. Les repr\u00e9sentations de notre futur spectacle auront lieu en automne 2026.","og_url":"https:\/\/choeuracorps.ch\/index.php\/actualites\/","og_site_name":"Choeur \u00e0 corps","article_publisher":"https:\/\/www.facebook.com\/choeuracorps\/","article_modified_time":"2026-03-23T09:38:04+00:00","twitter_card":"summary_large_image","twitter_misc":{"Dur\u00e9e de lecture estim\u00e9e":"1 minute"},"schema":{"@context":"https:\/\/schema.org","@graph":[{"@type":"WebPage","@id":"https:\/\/choeuracorps.ch\/index.php\/actualites\/","url":"https:\/\/choeuracorps.ch\/index.php\/actualites\/","name":"Une nouvelle \u00e9tape pour Ch\u0153ur \u00e0 corps en 2026","isPartOf":{"@id":"https:\/\/choeuracorps.ch\/#website"},"datePublished":"2025-12-28T15:43:15+00:00","dateModified":"2026-03-23T09:38:04+00:00","description":"2026 s'annonce comme une ann\u00e9e de renouveau pour Ch\u0153ur \u00e0 corps qui accueille une nouvelle cheffe de ch\u0153ur d\u00e8s janvier en la personne d'Elsa Bianchi. Elsa rejoint le ch\u0153ur pour \u00e9crire, avec nous, un nouveau chapitre de cette aventure collective. Les repr\u00e9sentations de notre futur spectacle auront lieu en automne 2026.","breadcrumb":{"@id":"https:\/\/choeuracorps.ch\/index.php\/actualites\/#breadcrumb"},"inLanguage":"fr-FR","potentialAction":[{"@type":"ReadAction","target":["https:\/\/choeuracorps.ch\/index.php\/actualites\/"]}]},{"@type":"BreadcrumbList","@id":"https:\/\/choeuracorps.ch\/index.php\/actualites\/#breadcrumb","itemListElement":[{"@type":"ListItem","position":1,"name":"Accueil","item":"https:\/\/choeuracorps.ch\/"},{"@type":"ListItem","position":2,"name":"Actualit\u00e9s"}]},{"@type":"WebSite","@id":"https:\/\/choeuracorps.ch\/#website","url":"https:\/\/choeuracorps.ch\/","name":"Ch\u0153ur \u00e0 corps","description":"","potentialAction":[{"@type":"SearchAction","target":{"@type":"EntryPoint","urlTemplate":"https:\/\/choeuracorps.ch\/?s={search_term_string}"},"query-input":"required name=search_term_string"}],"inLanguage":"fr-FR"}]}},"_links":{"self":[{"href":"https:\/\/choeuracorps.ch\/index.php\/wp-json\/wp\/v2\/pages\/1270"}],"collection":[{"href":"https:\/\/choeuracorps.ch\/index.php\/wp-json\/wp\/v2\/pages"}],"about":[{"href":"https:\/\/choeuracorps.ch\/index.php\/wp-json\/wp\/v2\/types\/page"}],"author":[{"embeddable":true,"href":"https:\/\/choeuracorps.ch\/index.php\/wp-json\/wp\/v2\/users\/1"}],"replies":[{"embeddable":true,"href":"https:\/\/choeuracorps.ch\/index.php\/wp-json\/wp\/v2\/comments?post=1270"}],"version-history":[{"count":11,"href":"https:\/\/choeuracorps.ch\/index.php\/wp-json\/wp\/v2\/pages\/1270\/revisions"}],"predecessor-version":[{"id":1298,"href":"https:\/\/choeuracorps.ch\/index.php\/wp-json\/wp\/v2\/pages\/1270\/revisions\/1298"}],"wp:attachment":[{"href":"https:\/\/choeuracorps.ch\/index.php\/wp-json\/wp\/v2\/media?parent=1270"}],"curies":[{"name":"wp","href":"https:\/\/api.w.org\/{rel}","templated":true}]}}

Actualités

<h2 class="wp-block-heading alignwide" id="we-re-a-studio-in-berlin-with-an-international-practice-in-architecture-urban-planning-and-interior-design-we-believe-in-sharing-knowledge-and-promoting-dialogue-to-increase-the-creative-potential-of-collaboration" style="font-size:28px;font-style:normal;font-weight:700;line-height:1.1">Une nouvelle étape pour Choeur à corps </h2>



<p>Bienvenue à notre nouvelle cheffe de chœur : <a href="https://choeuracorps.ch/index.php/direction/">Elsa Bianchi</a><br><br>2026 s&rsquo;annonce comme une année de renouveau pour Chœur à corps.<br><br>Nous avons le grand plaisir de vous annoncer l’arrivée d’<a href="https://choeuracorps.ch/index.php/direction/">Elsa Bianchi</a>, qui a pris la direction musicale de Chœur à corps depuis janvier 2026.</p>



<p>Avec sa sensibilité artistique, son engagement et son énergie communicative, Elsa rejoint le chœur pour écrire, avec nous, un nouveau chapitre de cette aventure collective. Une période de réflexion, de création et de construction s’ouvre, dans la continuité de l’esprit de Chœur à corps, avec l’envie de faire évoluer le projet tout en restant fidèle à ses valeurs.</p>



<p>De nouvelles informations suivront prochainement.<br>Les mois à venir seront consacrés à la mise en place de cette nouvelle dynamique et à la préparation de beaux projets à partager.</p>



<p><strong>Prochain spectacle : vendredi 30 octobre, samedi 31 octobre et dimanche 1er novembre 2026</strong> au Théâtre Oxymore de Cully.<br>Un moment important à venir, que nous nous réjouissons déjà de vous faire découvrir.</p>



<p>Intéressé(e) par le projet, curieux(se) d’en savoir plus ou envie de rejoindre l’aventure ?<br>Ecrivez-nous à : <a href="mailto:info@choeuracorps.ch">info@choeuracorps.ch</a></p>



<p>2026 se prépare doucement, et avec beaucoup d’enthousiasme.<br><br>Merci de votre fidélité et de votre soutien.</p>

<p>Une nouvelle étape pour Choeur à corps Bienvenue à notre nouvelle cheffe de chœur : Elsa Bianchi 2026 s&rsquo;annonce comme une année de renouveau pour Chœur à corps. Nous avons le grand plaisir de vous annoncer l’arrivée d’Elsa Bianchi, qui</p>

<!-- This site is optimized with the Yoast SEO plugin v22.5 - https://yoast.com/wordpress/plugins/seo/ -->
<title>Une nouvelle étape pour Chœur à corps en 2026</title>
<meta name="description" content="2026 s&#039;annonce comme une année de renouveau pour Chœur à corps qui accueille une nouvelle cheffe de chœur dès janvier en la personne d&#039;Elsa Bianchi. Elsa rejoint le chœur pour écrire, avec nous, un nouveau chapitre de cette aventure collective. Les représentations de notre futur spectacle auront lieu en automne 2026." />
<meta name="robots" content="index, follow, max-snippet:-1, max-image-preview:large, max-video-preview:-1" />
<link rel="canonical" href="https://choeuracorps.ch/index.php/actualites/" />
<meta property="og:locale" content="fr_FR" />
<meta property="og:type" content="article" />
<meta property="og:title" content="Une nouvelle étape pour Chœur à corps en 2026" />
<meta property="og:description" content="2026 s&#039;annonce comme une année de renouveau pour Chœur à corps qui accueille une nouvelle cheffe de chœur dès janvier en la personne d&#039;Elsa Bianchi. Elsa rejoint le chœur pour écrire, avec nous, un nouveau chapitre de cette aventure collective. Les représentations de notre futur spectacle auront lieu en automne 2026." />
<meta property="og:url" content="https://choeuracorps.ch/index.php/actualites/" />
<meta property="og:site_name" content="Choeur à corps" />
<meta property="article:publisher" content="https://www.facebook.com/choeuracorps/" />
<meta property="article:modified_time" content="2026-03-23T09:38:04+00:00" />
<meta name="twitter:card" content="summary_large_image" />
<meta name="twitter:label1" content="Durée de lecture estimée" />
	<meta name="twitter:data1" content="1 minute" />
<script type="application/ld+json" class="yoast-schema-graph">{"@context":"https://schema.org","@graph":[{"@type":"WebPage","@id":"https://choeuracorps.ch/index.php/actualites/","url":"https://choeuracorps.ch/index.php/actualites/","name":"Une nouvelle étape pour Chœur à corps en 2026","isPartOf":{"@id":"https://choeuracorps.ch/#website"},"datePublished":"2025-12-28T15:43:15+00:00","dateModified":"2026-03-23T09:38:04+00:00","description":"2026 s'annonce comme une année de renouveau pour Chœur à corps qui accueille une nouvelle cheffe de chœur dès janvier en la personne d'Elsa Bianchi. Elsa rejoint le chœur pour écrire, avec nous, un nouveau chapitre de cette aventure collective. Les représentations de notre futur spectacle auront lieu en automne 2026.","breadcrumb":{"@id":"https://choeuracorps.ch/index.php/actualites/#breadcrumb"},"inLanguage":"fr-FR","potentialAction":[{"@type":"ReadAction","target":["https://choeuracorps.ch/index.php/actualites/"]}]},{"@type":"BreadcrumbList","@id":"https://choeuracorps.ch/index.php/actualites/#breadcrumb","itemListElement":[{"@type":"ListItem","position":1,"name":"Accueil","item":"https://choeuracorps.ch/"},{"@type":"ListItem","position":2,"name":"Actualités"}]},{"@type":"WebSite","@id":"https://choeuracorps.ch/#website","url":"https://choeuracorps.ch/","name":"Chœur à corps","description":"","potentialAction":[{"@type":"SearchAction","target":{"@type":"EntryPoint","urlTemplate":"https://choeuracorps.ch/?s={search_term_string}"},"query-input":"required name=search_term_string"}],"inLanguage":"fr-FR"}]}</script>
<!-- / Yoast SEO plugin. -->

Une nouvelle étape pour Chœur à corps en 2026

2026 s'annonce comme une année de renouveau pour Chœur à corps qui accueille une nouvelle cheffe de chœur dès janvier en la personne d'Elsa Bianchi. Elsa rejoint le chœur pour écrire, avec nous, un nouveau chapitre de cette aventure collective. Les représentations de notre futur spectacle auront lieu en automne 2026.

Choeur à corps

Chœur à corps
